{"id":3098,"date":"2017-08-03T04:43:21","date_gmt":"2017-08-03T04:43:21","guid":{"rendered":"http:\/\/www.fceune.edu.py\/v2\/?page_id=3098"},"modified":"2025-08-14T13:16:34","modified_gmt":"2025-08-14T13:16:34","slug":"home","status":"publish","type":"page","link":"https:\/\/www.fceune.edu.py\/v2\/","title":{"rendered":"Home"},"content":{"rendered":"<div class=\"wpb-content-wrapper\"><p>[vc_row][vc_column][rev_slider_vc alias=&#8221;home1&#8243;][\/vc_column][\/vc_row][vc_row][vc_column][block_title style=&#8221;column_title&#8221; inner_style=&#8221;inline_border&#8221; title=&#8221;Noticias e Informaciones&#8221;][\/block_title][\/vc_column][\/vc_row][vc_row][vc_column width=&#8221;2\/3&#8243;][vc_column_text]\t\t<div class=\"wppsac-wrap wppsac-slick-slider-wrp wppsac-clearfix \" data-conf=\"{&quot;dots&quot;:&quot;true&quot;,&quot;arrows&quot;:&quot;true&quot;,&quot;autoplay&quot;:&quot;true&quot;,&quot;autoplay_interval&quot;:3000,&quot;speed&quot;:500,&quot;rtl&quot;:&quot;false&quot;,&quot;lazyload&quot;:&quot;&quot;}\">\r\n\t\t\t<div id=\"wppsac-post-slider-1\" class=\"wppsac-post-slider-init wppsac-post-slider design-3\">\r\n\t\t\t\t<div class=\"wppsac-post-slides\">\r\n\t<div class=\"wppsac-post-overlay\">\r\n\t\t<div class=\"wppsac-post-image-bg\">\r\n\t\t\t<a href=\"https:\/\/www.fceune.edu.py\/v2\/index.php\/2026\/03\/30\/bienvenida-a-los-ingresantes-de-contabilidad-en-la-sede-central\/\">\r\n\t\t\t\t\t\t\t\t<img decoding=\"async\" class=\"wppsac-post-image\"  src=\"https:\/\/i0.wp.com\/www.fceune.edu.py\/v2\/wp-content\/uploads\/2026\/03\/WhatsApp-Image-2026-03-30-at-16.59.30-1-e1774902017181.jpeg?fit=1600%2C533&#038;ssl=1\" alt=\"Bienvenida a los ingresantes de Contabilidad en la sede central\" \/>\r\n\t\t\t\t\t\t\t<\/a>\r\n\t\t<\/div>\r\n\r\n\t\t\t\t<div class=\"wppsac-post-categories\"><ul class=\"wppsac-post-categories-list\"><li><a href=\"https:\/\/www.fceune.edu.py\/v2\/index.php\/category\/institucional\/\">Institucional<\/a><\/li><li><a href=\"https:\/\/www.fceune.edu.py\/v2\/index.php\/category\/noticias\/\">Noticias<\/a><\/li><\/ul><\/div>\r\n\t\t\r\n\t\t<div class=\"wppsac-post-short-content\">\r\n\t\t\t<div class=\"wppsac-item-meta bottom\">\r\n\t\t\t  \t<h2 class=\"wppsac-post-title\">\r\n\t\t\t\t\t<a href=\"https:\/\/www.fceune.edu.py\/v2\/index.php\/2026\/03\/30\/bienvenida-a-los-ingresantes-de-contabilidad-en-la-sede-central\/\">Bienvenida a los ingresantes de Contabilidad en la sede central<\/a>\r\n\t\t\t\t<\/h2>\r\n\r\n\t\t\t\t\t\t\t\t<div class=\"wppsac-post-date\">\r\n\t\t\t\t\t \r\n\t\t\t\t\t<span>By Rosa Arevalos<\/span>\r\n\t\t\t\t\t \/ marzo 30, 2026\t\t\t\t<\/div>\r\n\t\t\t\t\t\t\t\t<div class=\"wppsac-post-content\">\r\n\t\t\t\t\t<div class=\"wppsac-sub-content\">La carrera de Contabilidad de la Facultad de Ciencias Econ\u00f3micas de la UNE, bajo la direcci\u00f3n de la Prof. MSc....<\/div>\r\n\r\n\t\t\t\t\t\t\t\t\t\t<a class=\"wppsac-readmorebtn\" href=\"https:\/\/www.fceune.edu.py\/v2\/index.php\/2026\/03\/30\/bienvenida-a-los-ingresantes-de-contabilidad-en-la-sede-central\/\">Read More<\/a>\r\n\t\t\t\t\t\t\t\t\t<\/div>\r\n\t\t\t\t\t\t\t<\/div>\r\n\t\t<\/div>\r\n\t<\/div>\r\n<\/div><div class=\"wppsac-post-slides\">\r\n\t<div class=\"wppsac-post-overlay\">\r\n\t\t<div class=\"wppsac-post-image-bg\">\r\n\t\t\t<a href=\"https:\/\/www.fceune.edu.py\/v2\/index.php\/2026\/03\/27\/charla-sobre-estudios-en-ee-uu-para-estudiantes-de-contabilidad\/\">\r\n\t\t\t\t\t\t\t\t<img decoding=\"async\" class=\"wppsac-post-image\"  src=\"https:\/\/i0.wp.com\/www.fceune.edu.py\/v2\/wp-content\/uploads\/2026\/03\/WhatsApp-Image-2026-03-30-at-16.44.00-e1774900571129.jpeg?fit=1254%2C430&#038;ssl=1\" alt=\"Charla sobre estudios en EE.UU. para estudiantes de Contabilidad\" \/>\r\n\t\t\t\t\t\t\t<\/a>\r\n\t\t<\/div>\r\n\r\n\t\t\t\t<div class=\"wppsac-post-categories\"><ul class=\"wppsac-post-categories-list\"><li><a href=\"https:\/\/www.fceune.edu.py\/v2\/index.php\/category\/institucional\/\">Institucional<\/a><\/li><li><a href=\"https:\/\/www.fceune.edu.py\/v2\/index.php\/category\/noticias\/\">Noticias<\/a><\/li><\/ul><\/div>\r\n\t\t\r\n\t\t<div class=\"wppsac-post-short-content\">\r\n\t\t\t<div class=\"wppsac-item-meta bottom\">\r\n\t\t\t  \t<h2 class=\"wppsac-post-title\">\r\n\t\t\t\t\t<a href=\"https:\/\/www.fceune.edu.py\/v2\/index.php\/2026\/03\/27\/charla-sobre-estudios-en-ee-uu-para-estudiantes-de-contabilidad\/\">Charla sobre estudios en EE.UU. para estudiantes de Contabilidad<\/a>\r\n\t\t\t\t<\/h2>\r\n\r\n\t\t\t\t\t\t\t\t<div class=\"wppsac-post-date\">\r\n\t\t\t\t\t \r\n\t\t\t\t\t<span>By Rosa Arevalos<\/span>\r\n\t\t\t\t\t \/ marzo 27, 2026\t\t\t\t<\/div>\r\n\t\t\t\t\t\t\t\t<div class=\"wppsac-post-content\">\r\n\t\t\t\t\t<div class=\"wppsac-sub-content\">Los estudiantes del 4\u00b0 a\u00f1o de Contabilidad \u2013 secci\u00f3n D \u2013 de la Facultad de Ciencias Econ\u00f3micas de la UNE,...<\/div>\r\n\r\n\t\t\t\t\t\t\t\t\t\t<a class=\"wppsac-readmorebtn\" href=\"https:\/\/www.fceune.edu.py\/v2\/index.php\/2026\/03\/27\/charla-sobre-estudios-en-ee-uu-para-estudiantes-de-contabilidad\/\">Read More<\/a>\r\n\t\t\t\t\t\t\t\t\t<\/div>\r\n\t\t\t\t\t\t\t<\/div>\r\n\t\t<\/div>\r\n\t<\/div>\r\n<\/div><div class=\"wppsac-post-slides\">\r\n\t<div class=\"wppsac-post-overlay\">\r\n\t\t<div class=\"wppsac-post-image-bg\">\r\n\t\t\t<a href=\"https:\/\/www.fceune.edu.py\/v2\/index.php\/2026\/03\/25\/director-de-economia-dio-bienvenida-a-estudiantes-del-primer-y-quinto-curso\/\">\r\n\t\t\t\t\t\t\t\t<img decoding=\"async\" class=\"wppsac-post-image\"  src=\"https:\/\/i0.wp.com\/www.fceune.edu.py\/v2\/wp-content\/uploads\/2026\/03\/WhatsApp-Image-2026-03-25-at-11.16.28-e1774453518778.jpeg?fit=1600%2C507&#038;ssl=1\" alt=\"Director de Econom\u00eda dio bienvenida a estudiantes del primer y quinto curso\" \/>\r\n\t\t\t\t\t\t\t<\/a>\r\n\t\t<\/div>\r\n\r\n\t\t\t\t<div class=\"wppsac-post-categories\"><ul class=\"wppsac-post-categories-list\"><li><a href=\"https:\/\/www.fceune.edu.py\/v2\/index.php\/category\/institucional\/\">Institucional<\/a><\/li><li><a href=\"https:\/\/www.fceune.edu.py\/v2\/index.php\/category\/noticias\/\">Noticias<\/a><\/li><\/ul><\/div>\r\n\t\t\r\n\t\t<div class=\"wppsac-post-short-content\">\r\n\t\t\t<div class=\"wppsac-item-meta bottom\">\r\n\t\t\t  \t<h2 class=\"wppsac-post-title\">\r\n\t\t\t\t\t<a href=\"https:\/\/www.fceune.edu.py\/v2\/index.php\/2026\/03\/25\/director-de-economia-dio-bienvenida-a-estudiantes-del-primer-y-quinto-curso\/\">Director de Econom\u00eda dio bienvenida a estudiantes del primer y quinto curso<\/a>\r\n\t\t\t\t<\/h2>\r\n\r\n\t\t\t\t\t\t\t\t<div class=\"wppsac-post-date\">\r\n\t\t\t\t\t \r\n\t\t\t\t\t<span>By Rosa Arevalos<\/span>\r\n\t\t\t\t\t \/ marzo 25, 2026\t\t\t\t<\/div>\r\n\t\t\t\t\t\t\t\t<div class=\"wppsac-post-content\">\r\n\t\t\t\t\t<div class=\"wppsac-sub-content\">El director de la carrera de Econom\u00eda de la Facultad de Ciencias Econ\u00f3micas, Prof. Blas Roberto Rom\u00e1n, encabez\u00f3 las actividades...<\/div>\r\n\r\n\t\t\t\t\t\t\t\t\t\t<a class=\"wppsac-readmorebtn\" href=\"https:\/\/www.fceune.edu.py\/v2\/index.php\/2026\/03\/25\/director-de-economia-dio-bienvenida-a-estudiantes-del-primer-y-quinto-curso\/\">Read More<\/a>\r\n\t\t\t\t\t\t\t\t\t<\/div>\r\n\t\t\t\t\t\t\t<\/div>\r\n\t\t<\/div>\r\n\t<\/div>\r\n<\/div><div class=\"wppsac-post-slides\">\r\n\t<div class=\"wppsac-post-overlay\">\r\n\t\t<div class=\"wppsac-post-image-bg\">\r\n\t\t\t<a href=\"https:\/\/www.fceune.edu.py\/v2\/index.php\/2026\/03\/19\/fce-marca-presencia-en-el-39o-encuentro-internacional-de-la-red-zicosur-universitario\/\">\r\n\t\t\t\t\t\t\t\t<img decoding=\"async\" class=\"wppsac-post-image\"  src=\"https:\/\/i0.wp.com\/www.fceune.edu.py\/v2\/wp-content\/uploads\/2026\/03\/WhatsApp-Image-2026-03-19-at-20.02.18-e1773967897423.jpeg?fit=717%2C297&#038;ssl=1\" alt=\"FCE marca presencia en el 39\u00ba Encuentro Internacional de la Red ZICOSUR Universitario\" \/>\r\n\t\t\t\t\t\t\t<\/a>\r\n\t\t<\/div>\r\n\r\n\t\t\t\t<div class=\"wppsac-post-categories\"><ul class=\"wppsac-post-categories-list\"><li><a href=\"https:\/\/www.fceune.edu.py\/v2\/index.php\/category\/institucional\/\">Institucional<\/a><\/li><li><a href=\"https:\/\/www.fceune.edu.py\/v2\/index.php\/category\/noticias\/\">Noticias<\/a><\/li><\/ul><\/div>\r\n\t\t\r\n\t\t<div class=\"wppsac-post-short-content\">\r\n\t\t\t<div class=\"wppsac-item-meta bottom\">\r\n\t\t\t  \t<h2 class=\"wppsac-post-title\">\r\n\t\t\t\t\t<a href=\"https:\/\/www.fceune.edu.py\/v2\/index.php\/2026\/03\/19\/fce-marca-presencia-en-el-39o-encuentro-internacional-de-la-red-zicosur-universitario\/\">FCE marca presencia en el 39\u00ba Encuentro Internacional de la Red ZICOSUR Universitario<\/a>\r\n\t\t\t\t<\/h2>\r\n\r\n\t\t\t\t\t\t\t\t<div class=\"wppsac-post-date\">\r\n\t\t\t\t\t \r\n\t\t\t\t\t<span>By Rosa Arevalos<\/span>\r\n\t\t\t\t\t \/ marzo 19, 2026\t\t\t\t<\/div>\r\n\t\t\t\t\t\t\t\t<div class=\"wppsac-post-content\">\r\n\t\t\t\t\t<div class=\"wppsac-sub-content\">Representantes de la Facultad de Ciencias Econ\u00f3micas de la Universidad Nacional del Este (FCE.UNE) participan en el 39\u00ba Encuentro Internacional...<\/div>\r\n\r\n\t\t\t\t\t\t\t\t\t\t<a class=\"wppsac-readmorebtn\" href=\"https:\/\/www.fceune.edu.py\/v2\/index.php\/2026\/03\/19\/fce-marca-presencia-en-el-39o-encuentro-internacional-de-la-red-zicosur-universitario\/\">Read More<\/a>\r\n\t\t\t\t\t\t\t\t\t<\/div>\r\n\t\t\t\t\t\t\t<\/div>\r\n\t\t<\/div>\r\n\t<\/div>\r\n<\/div><div class=\"wppsac-post-slides\">\r\n\t<div class=\"wppsac-post-overlay\">\r\n\t\t<div class=\"wppsac-post-image-bg\">\r\n\t\t\t<a href=\"https:\/\/www.fceune.edu.py\/v2\/index.php\/2026\/03\/19\/fce-emite-resultado-del-concurso-de-titulos-meritos-y-aptitudes-para-encargados-de-catedras\/\">\r\n\t\t\t\t\t\t\t\t<img decoding=\"async\" class=\"wppsac-post-image\"  src=\"https:\/\/i0.wp.com\/www.fceune.edu.py\/v2\/wp-content\/uploads\/2025\/06\/AGUSTIN-2-e1749653910936.png?fit=1023%2C511&#038;ssl=1\" alt=\"FCE emite resultado del Concurso de T\u00edtulos, M\u00e9ritos y Aptitudes para Encargados de C\u00e1tedras\" \/>\r\n\t\t\t\t\t\t\t<\/a>\r\n\t\t<\/div>\r\n\r\n\t\t\t\t<div class=\"wppsac-post-categories\"><ul class=\"wppsac-post-categories-list\"><li><a href=\"https:\/\/www.fceune.edu.py\/v2\/index.php\/category\/concursos\/\">Concursos<\/a><\/li><\/ul><\/div>\r\n\t\t\r\n\t\t<div class=\"wppsac-post-short-content\">\r\n\t\t\t<div class=\"wppsac-item-meta bottom\">\r\n\t\t\t  \t<h2 class=\"wppsac-post-title\">\r\n\t\t\t\t\t<a href=\"https:\/\/www.fceune.edu.py\/v2\/index.php\/2026\/03\/19\/fce-emite-resultado-del-concurso-de-titulos-meritos-y-aptitudes-para-encargados-de-catedras\/\">FCE emite resultado del Concurso de T\u00edtulos, M\u00e9ritos y Aptitudes para Encargados de C\u00e1tedras<\/a>\r\n\t\t\t\t<\/h2>\r\n\r\n\t\t\t\t\t\t\t\t<div class=\"wppsac-post-date\">\r\n\t\t\t\t\t \r\n\t\t\t\t\t<span>By Rosa Arevalos<\/span>\r\n\t\t\t\t\t \/ marzo 19, 2026\t\t\t\t<\/div>\r\n\t\t\t\t\t\t\t\t<div class=\"wppsac-post-content\">\r\n\t\t\t\t\t<div class=\"wppsac-sub-content\">La Facultad de Ciencias Econ\u00f3micas de la Universidad Nacional del Este (FCE.UNE) emite el resultado del Concurso de T\u00edtulos, M\u00e9ritos...<\/div>\r\n\r\n\t\t\t\t\t\t\t\t\t\t<a class=\"wppsac-readmorebtn\" href=\"https:\/\/www.fceune.edu.py\/v2\/index.php\/2026\/03\/19\/fce-emite-resultado-del-concurso-de-titulos-meritos-y-aptitudes-para-encargados-de-catedras\/\">Read More<\/a>\r\n\t\t\t\t\t\t\t\t\t<\/div>\r\n\t\t\t\t\t\t\t<\/div>\r\n\t\t<\/div>\r\n\t<\/div>\r\n<\/div>\t\t\t<\/div>\r\n\t\t<\/div>\r\n\t[\/vc_column_text][\/vc_column][vc_column width=&#8221;1\/3&#8243;][recent_news posts_per_page=&#8221;4&#8243; style=&#8221;events&#8221;][\/vc_column][\/vc_row][vc_row type=&#8221;full_width_background&#8221; bg_color=&#8221;#f4f4f4&#8243; borders=&#8221;1&#8243; css_animation=&#8221;bounceInLeft&#8221;][vc_column width=&#8221;1\/3&#8243;][vc_column_text css_animation=&#8221;appear&#8221;]<\/p>\n<p style=\"text-align: center;\"><a href=\"https:\/\/i0.wp.com\/www.fceune.edu.py\/v2\/wp-content\/uploads\/2023\/12\/conta-scaled.jpg?ssl=1\"><img data-recalc-dims=\"1\" fetchpriority=\"high\" decoding=\"async\" data-attachment-id=\"16718\" data-permalink=\"https:\/\/www.fceune.edu.py\/v2\/index.php\/home\/conta\/\" data-orig-file=\"https:\/\/i0.wp.com\/www.fceune.edu.py\/v2\/wp-content\/uploads\/2023\/12\/conta-scaled.jpg?fit=2560%2C1798&amp;ssl=1\" data-orig-size=\"2560,1798\" data-comments-opened=\"0\" data-image-meta=\"{&quot;aperture&quot;:&quot;0&quot;,&quot;credit&quot;:&quot;&quot;,&quot;camera&quot;:&quot;&quot;,&quot;caption&quot;:&quot;&quot;,&quot;created_timestamp&quot;:&quot;0&quot;,&quot;copyright&quot;:&quot;&quot;,&quot;focal_length&quot;:&quot;0&quot;,&quot;iso&quot;:&quot;0&quot;,&quot;shutter_speed&quot;:&quot;0&quot;,&quot;title&quot;:&quot;&quot;,&quot;orientation&quot;:&quot;0&quot;}\" data-image-title=\"conta\" data-image-description=\"\" data-image-caption=\"\" data-medium-file=\"https:\/\/i0.wp.com\/www.fceune.edu.py\/v2\/wp-content\/uploads\/2023\/12\/conta-scaled.jpg?fit=300%2C211&amp;ssl=1\" data-large-file=\"https:\/\/i0.wp.com\/www.fceune.edu.py\/v2\/wp-content\/uploads\/2023\/12\/conta-scaled.jpg?fit=940%2C660&amp;ssl=1\" class=\"alignnone size-medium wp-image-16718\" src=\"https:\/\/i0.wp.com\/www.fceune.edu.py\/v2\/wp-content\/uploads\/2023\/12\/conta.jpg?resize=300%2C211&#038;ssl=1\" alt=\"\" width=\"300\" height=\"211\" srcset=\"https:\/\/i0.wp.com\/www.fceune.edu.py\/v2\/wp-content\/uploads\/2023\/12\/conta-scaled.jpg?resize=300%2C211&amp;ssl=1 300w, https:\/\/i0.wp.com\/www.fceune.edu.py\/v2\/wp-content\/uploads\/2023\/12\/conta-scaled.jpg?resize=1024%2C719&amp;ssl=1 1024w, https:\/\/i0.wp.com\/www.fceune.edu.py\/v2\/wp-content\/uploads\/2023\/12\/conta-scaled.jpg?resize=1536%2C1079&amp;ssl=1 1536w, https:\/\/i0.wp.com\/www.fceune.edu.py\/v2\/wp-content\/uploads\/2023\/12\/conta-scaled.jpg?resize=2048%2C1439&amp;ssl=1 2048w, https:\/\/i0.wp.com\/www.fceune.edu.py\/v2\/wp-content\/uploads\/2023\/12\/conta-scaled.jpg?w=1880&amp;ssl=1 1880w\" sizes=\"(max-width: 300px) 100vw, 300px\" \/><\/a><\/p>\n<p>[\/vc_column_text][services_medium title=&#8221;Contabilidad&#8221; style=&#8221;style_3&#8243; icon=&#8221;moon-coins&#8221; dynamic_content_link=&#8221;http:\/\/www.fceune.edu.py\/v2\/index.php\/carrera-contabilidad\/&#8221;]<\/p>\n<p style=\"text-align: justify;\">La carrera de Contabilidad busca formar profesionales competentes para intervenir en el dise\u00f1o, implementaci\u00f3n y evaluaci\u00f3n del sistema contable de cualquier organizaci\u00f3n, con capacidad para producir, analizar y documentar el proceso financiero-econ\u00f3mico de una organizaci\u00f3n, con fines a satisfacer las necesidades de control e informaci\u00f3n para la toma de decisiones.<\/p>\n<p style=\"text-align: justify;\">Adem\u00e1s de dotar al Contador de una s\u00f3lida formaci\u00f3n t\u00e9cnica y profesional, como tambi\u00e9n de valores \u00e9ticos y de compromiso con la sociedad, para que participe en el desarrollo econ\u00f3mico y social de las organizaciones y su entorno, colabore en la mejora de los procesos de control y suministre informaci\u00f3n \u00fatil y confiable sobre los hechos econ\u00f3micos.<\/p>\n<p>[\/services_medium][\/vc_column][vc_column width=&#8221;1\/3&#8243; css_animation=&#8221;fadeInLeftBig&#8221;][vc_column_text css_animation=&#8221;appear&#8221;]<\/p>\n<p style=\"text-align: center;\"><a href=\"https:\/\/i0.wp.com\/www.fceune.edu.py\/v2\/wp-content\/uploads\/2025\/01\/BRWE89EB4030BC0_140727-rotated.jpg?ssl=1\"><img data-recalc-dims=\"1\" decoding=\"async\" data-attachment-id=\"17954\" data-permalink=\"https:\/\/www.fceune.edu.py\/v2\/index.php\/home\/brwe89eb4030bc0_140727\/\" data-orig-file=\"https:\/\/i0.wp.com\/www.fceune.edu.py\/v2\/wp-content\/uploads\/2025\/01\/BRWE89EB4030BC0_140727-rotated.jpg?fit=2292%2C1600&amp;ssl=1\" data-orig-size=\"2292,1600\" data-comments-opened=\"0\" data-image-meta=\"{&quot;aperture&quot;:&quot;0&quot;,&quot;credit&quot;:&quot;&quot;,&quot;camera&quot;:&quot;&quot;,&quot;caption&quot;:&quot;&quot;,&quot;created_timestamp&quot;:&quot;0&quot;,&quot;copyright&quot;:&quot;&quot;,&quot;focal_length&quot;:&quot;0&quot;,&quot;iso&quot;:&quot;0&quot;,&quot;shutter_speed&quot;:&quot;0&quot;,&quot;title&quot;:&quot;&quot;,&quot;orientation&quot;:&quot;1&quot;}\" data-image-title=\"BRWE89EB4030BC0_140727\" data-image-description=\"\" data-image-caption=\"\" data-medium-file=\"https:\/\/i0.wp.com\/www.fceune.edu.py\/v2\/wp-content\/uploads\/2025\/01\/BRWE89EB4030BC0_140727-rotated.jpg?fit=300%2C209&amp;ssl=1\" data-large-file=\"https:\/\/i0.wp.com\/www.fceune.edu.py\/v2\/wp-content\/uploads\/2025\/01\/BRWE89EB4030BC0_140727-rotated.jpg?fit=940%2C656&amp;ssl=1\" class=\"alignnone size-medium wp-image-17954\" src=\"https:\/\/i0.wp.com\/www.fceune.edu.py\/v2\/wp-content\/uploads\/2025\/01\/BRWE89EB4030BC0_140727.jpg?resize=300%2C209&#038;ssl=1\" alt=\"\" width=\"300\" height=\"209\" srcset=\"https:\/\/i0.wp.com\/www.fceune.edu.py\/v2\/wp-content\/uploads\/2025\/01\/BRWE89EB4030BC0_140727-rotated.jpg?resize=300%2C209&amp;ssl=1 300w, https:\/\/i0.wp.com\/www.fceune.edu.py\/v2\/wp-content\/uploads\/2025\/01\/BRWE89EB4030BC0_140727-rotated.jpg?resize=1024%2C715&amp;ssl=1 1024w, https:\/\/i0.wp.com\/www.fceune.edu.py\/v2\/wp-content\/uploads\/2025\/01\/BRWE89EB4030BC0_140727-rotated.jpg?resize=1536%2C1072&amp;ssl=1 1536w, https:\/\/i0.wp.com\/www.fceune.edu.py\/v2\/wp-content\/uploads\/2025\/01\/BRWE89EB4030BC0_140727-rotated.jpg?resize=2048%2C1430&amp;ssl=1 2048w, https:\/\/i0.wp.com\/www.fceune.edu.py\/v2\/wp-content\/uploads\/2025\/01\/BRWE89EB4030BC0_140727-rotated.jpg?w=1880&amp;ssl=1 1880w\" sizes=\"(max-width: 300px) 100vw, 300px\" \/><\/a><\/p>\n<p>[\/vc_column_text][services_medium title=&#8221;Administraci\u00f3n&#8221; style=&#8221;style_3&#8243; icon=&#8221;moon-user-7&#8243; dynamic_content_link=&#8221;www.fceune.edu.py\/v2\/index.php\/carrera-administracion\/&#8221;]<\/p>\n<p style=\"text-align: justify;\">La carrera de Administraci\u00f3n busca formar integralmente profesionales con los conocimientos conceptuales administrativos, t\u00e9cnicos y pr\u00e1cticos para crear, organizar, administrar y dirigir en forma exitosa empresas y organizaciones de cualquier \u00edndole, a nivel nacional e internacional, con un enfoque global, multidisciplinarias y modernas que le permita el manejo eficiente, \u00f3ptimo y oportuno de los talentos humanos, materiales y financieros con compromiso social y medioambiental.<\/p>\n<p style=\"text-align: justify;\">El Administrador es un profesional con una s\u00f3lida formaci\u00f3n acad\u00e9mica para ejercer la direcci\u00f3n de cualquier tipo de organizaci\u00f3n, mediante la formulaci\u00f3n de planes estrat\u00e9gicos, t\u00e1cticos y operativos para desempe\u00f1arse en los diferentes niveles gerenciales, flexible a los constantes cambios del entorno y comprometido social, ambiental y \u00e9ticamente con la comunidad en la cual se desenvuelve.<\/p>\n<p>[\/services_medium][\/vc_column][vc_column width=&#8221;1\/3&#8243; css_animation=&#8221;fadeInLeft&#8221;][vc_column_text css_animation=&#8221;appear&#8221;]<\/p>\n<p style=\"text-align: center;\"><a href=\"https:\/\/i0.wp.com\/www.fceune.edu.py\/v2\/wp-content\/uploads\/2023\/12\/Eco-scaled.jpg?ssl=1\"><img data-recalc-dims=\"1\" decoding=\"async\" data-attachment-id=\"16719\" data-permalink=\"https:\/\/www.fceune.edu.py\/v2\/index.php\/home\/eco-3\/\" data-orig-file=\"https:\/\/i0.wp.com\/www.fceune.edu.py\/v2\/wp-content\/uploads\/2023\/12\/Eco-scaled.jpg?fit=2560%2C1798&amp;ssl=1\" data-orig-size=\"2560,1798\" data-comments-opened=\"0\" data-image-meta=\"{&quot;aperture&quot;:&quot;0&quot;,&quot;credit&quot;:&quot;&quot;,&quot;camera&quot;:&quot;&quot;,&quot;caption&quot;:&quot;&quot;,&quot;created_timestamp&quot;:&quot;0&quot;,&quot;copyright&quot;:&quot;&quot;,&quot;focal_length&quot;:&quot;0&quot;,&quot;iso&quot;:&quot;0&quot;,&quot;shutter_speed&quot;:&quot;0&quot;,&quot;title&quot;:&quot;&quot;,&quot;orientation&quot;:&quot;0&quot;}\" data-image-title=\"Eco\" data-image-description=\"\" data-image-caption=\"\" data-medium-file=\"https:\/\/i0.wp.com\/www.fceune.edu.py\/v2\/wp-content\/uploads\/2023\/12\/Eco-scaled.jpg?fit=300%2C211&amp;ssl=1\" data-large-file=\"https:\/\/i0.wp.com\/www.fceune.edu.py\/v2\/wp-content\/uploads\/2023\/12\/Eco-scaled.jpg?fit=940%2C660&amp;ssl=1\" class=\"alignnone size-medium wp-image-16719\" src=\"https:\/\/i0.wp.com\/www.fceune.edu.py\/v2\/wp-content\/uploads\/2023\/12\/Eco.jpg?resize=300%2C211&#038;ssl=1\" alt=\"\" width=\"300\" height=\"211\" srcset=\"https:\/\/i0.wp.com\/www.fceune.edu.py\/v2\/wp-content\/uploads\/2023\/12\/Eco-scaled.jpg?resize=300%2C211&amp;ssl=1 300w, https:\/\/i0.wp.com\/www.fceune.edu.py\/v2\/wp-content\/uploads\/2023\/12\/Eco-scaled.jpg?resize=1024%2C719&amp;ssl=1 1024w, https:\/\/i0.wp.com\/www.fceune.edu.py\/v2\/wp-content\/uploads\/2023\/12\/Eco-scaled.jpg?resize=1536%2C1079&amp;ssl=1 1536w, https:\/\/i0.wp.com\/www.fceune.edu.py\/v2\/wp-content\/uploads\/2023\/12\/Eco-scaled.jpg?resize=2048%2C1439&amp;ssl=1 2048w, https:\/\/i0.wp.com\/www.fceune.edu.py\/v2\/wp-content\/uploads\/2023\/12\/Eco-scaled.jpg?w=1880&amp;ssl=1 1880w\" sizes=\"(max-width: 300px) 100vw, 300px\" \/><\/a><\/p>\n<p>[\/vc_column_text][services_medium title=&#8221;Econom\u00eda&#8221; style=&#8221;style_3&#8243; icon=&#8221;steadysets-icon-graph&#8221; dynamic_content_link=&#8221;http:\/\/www.fceune.edu.py\/v2\/index.php\/carrera-economia\/&#8221;]<\/p>\n<p style=\"text-align: justify;\">La carrera de Econom\u00eda busca formar profesionales Economistas con s\u00f3lidos saberes, con actitudes y aptitudes emprendedoras para enfrentar el desaf\u00edo de un desempe\u00f1o personal, social y profesional con inteligencia, optimismo y probidad.<\/p>\n<p style=\"text-align: justify;\">El Economista es un profesional capaz de dar alternativas de soluci\u00f3n a los problemas socioecon\u00f3micos en el contexto local, regional y global, utilizando las herramientas de las ciencias econ\u00f3micas y las dem\u00e1s ciencias relacionadas, desempe\u00f1ando en forma eficiente y \u00e9tica sus funciones, tanto en el sector p\u00fablico como privado. Comprende los fen\u00f3menos microecon\u00f3micos, macroecon\u00f3micos y los efectos de las pol\u00edticas asumidas.<\/p>\n<p>[\/services_medium][\/vc_column][\/vc_row][vc_row][vc_column][block_title title=&#8221;Galeria de la Facultad&#8221;][\/block_title][vc_gallery type=&#8221;image_grid&#8221; images=&#8221;14448,14422,14403,14353,14257,14210,14152,14111,14124,14050,13942,13769,13544,13512,13510,13489,13407,17126,17095,17099,17042&#8243; css_animation=&#8221;fadeIn&#8221;][\/vc_column][\/vc_row][vc_row type=&#8221;full_width_content&#8221;][vc_column][block_title style=&#8221;column_title&#8221; inner_style=&#8221;inline_border&#8221; title=&#8221;D\u00f3nde estamos&#8221;][\/block_title][google_map height=&#8221;450&#8243; dynamic_src=&#8221;https:\/\/www.google.com\/maps\/embed?pb=!1m18!1m12!1m3!1d3601.623800014721!2d-54.67148248482217!3d-25.48423444127841!2m3!1f0!2f0!3f0!3m2!1i1024!2i768!4f13.1!3m3!1m2!1s0x94f6844c8504f2e1%3A0x5bac4f114a4e6070!2sFacultad+de+Ciencias+Econ%C3%B3micas+de+la+UNE!5e0!3m2!1ses!2ses!4v1501966212339&#8243;][vc_empty_space][\/vc_column][\/vc_row][vc_row][vc_column width=&#8221;1\/3&#8243;][vc_column_text][\/vc_column_text][\/vc_column][vc_column width=&#8221;1\/3&#8243;][\/vc_column][vc_column width=&#8221;1\/3&#8243;][\/vc_column][\/vc_row]<\/p>\n<\/div>","protected":false},"excerpt":{"rendered":"<p>[vc_row][vc_column][rev_slider_vc alias=&#8221;home1&#8243;][\/vc_column][\/vc_row][vc_row][vc_column][block_title style=&#8221;column_title&#8221; inner_style=&#8221;inline_border&#8221; title=&#8221;Noticias e Informaciones&#8221;][\/block_title][\/vc_column][\/vc_row][vc_row][vc_column width=&#8221;2\/3&#8243;][vc_column_text][\/vc_column_text][\/vc_column][vc_column width=&#8221;1\/3&#8243;][recent_news posts_per_page=&#8221;4&#8243; style=&#8221;events&#8221;][\/vc_column][\/vc_row][vc_row type=&#8221;full_width_background&#8221; bg_color=&#8221;#f4f4f4&#8243; borders=&#8221;1&#8243; css_animation=&#8221;bounceInLeft&#8221;][vc_column width=&#8221;1\/3&#8243;][vc_column_text css_animation=&#8221;appear&#8221;] [\/vc_column_text][services_medium title=&#8221;Contabilidad&#8221; style=&#8221;style_3&#8243; icon=&#8221;moon-coins&#8221; dynamic_content_link=&#8221;http:\/\/www.fceune.edu.py\/v2\/index.php\/carrera-contabilidad\/&#8221;] La carrera de Contabilidad busca formar profesionales competentes para intervenir en el dise\u00f1o, implementaci\u00f3n y evaluaci\u00f3n del sistema contable de cualquier organizaci\u00f3n, con capacidad para producir, analizar y documentar el proceso financiero-econ\u00f3mico de [&hellip;]<\/p>\n","protected":false},"author":1,"featured_media":0,"parent":0,"menu_order":0,"comment_status":"closed","ping_status":"closed","template":"","meta":{"jetpack_post_was_ever_published":false,"footnotes":""},"class_list":["post-3098","page","type-page","status-publish","hentry"],"jetpack_sharing_enabled":true,"jetpack_shortlink":"https:\/\/wp.me\/P9WOX6-NY","jetpack-related-posts":[],"_links":{"self":[{"href":"https:\/\/www.fceune.edu.py\/v2\/index.php\/wp-json\/wp\/v2\/pages\/3098","targetHints":{"allow":["GET"]}}],"collection":[{"href":"https:\/\/www.fceune.edu.py\/v2\/index.php\/wp-json\/wp\/v2\/pages"}],"about":[{"href":"https:\/\/www.fceune.edu.py\/v2\/index.php\/wp-json\/wp\/v2\/types\/page"}],"author":[{"embeddable":true,"href":"https:\/\/www.fceune.edu.py\/v2\/index.php\/wp-json\/wp\/v2\/users\/1"}],"replies":[{"embeddable":true,"href":"https:\/\/www.fceune.edu.py\/v2\/index.php\/wp-json\/wp\/v2\/comments?post=3098"}],"version-history":[{"count":111,"href":"https:\/\/www.fceune.edu.py\/v2\/index.php\/wp-json\/wp\/v2\/pages\/3098\/revisions"}],"predecessor-version":[{"id":3163,"href":"https:\/\/www.fceune.edu.py\/v2\/index.php\/wp-json\/wp\/v2\/pages\/3098\/revisions\/3163"}],"wp:attachment":[{"href":"https:\/\/www.fceune.edu.py\/v2\/index.php\/wp-json\/wp\/v2\/media?parent=3098"}],"curies":[{"name":"wp","href":"https:\/\/api.w.org\/{rel}","templated":true}]}}